the thousands digit of 1866?
1
What is the hundreds digit of 511?
5
What is the units digit of 17677?
7
What is the units digit of 1166?
6
What is the tens digit of 2636?
3
What is the units digit of 16643?
3
What is the units digit of 1323?
3
What is the units digit of 5467?
7
What is the hundreds digit of 825?
8
What is the thousands digit of 3081?
3
What is the units digit of 2573?
3
What is the hundreds digit of 68645?
6
What is the ten thousands digit of 37357?
3
What is the thousands digit of 1414?
1
What is the hundreds digit of 5835?
8
What is the tens digit of 1580?
8
What is the units digit of 1295?
5
What is the hundreds digit of 2478?
4
What is the hundreds digit of 20165?
1
What is the ten thousands digit of 194641?
9
What is the hundred thousands digit of 159637?
1
What is the hundreds digit of 285?
2
What is the hundreds digit of 6570?
5
What is the tens digit of 44804?
0
What is the hundreds digit of 650?
6
What is the tens digit of 1962?
6
What is the hundreds digit of 5039?
0
What is the hundreds digit of 5916?
9
What is the hundred thousands digit of 103279?
1
What is the hundreds digit of 349?
3
What is the units digit of 7796?
6
What is the hundreds digit of 7840?
8
What is the hundreds digit of 12700?
7
What is the tens digit of 38102?
0
What is the thousands digit of 1317?
1
What is the hundreds digit of 2796?
7
What is the tens digit of 9170?
7
What is the ten thousands digit of 44511?
4
What is the tens digit of 1173?
7
What is the thousands digit of 2642?
2
What is the ten thousands digit of 50748?
5
What is the units digit of 19432?
2
What is the hundreds digit of 39481?
4
What is the units digit of 42869?
9
What is the tens digit of 27323?
2
What is the tens digit of 270?
7
What is the ten thousands digit of 38772?
3
What is the ten thousands digit of 16024?
1
What is the units digit of 88167?
7
What is the hundreds digit of 1313?
3
What is the tens digit of 2165?
6
What is the units digit of 1907?
7
What is the hundreds digit of 2559?
5
What is the tens digit of 298?
9
What is the hundreds digit of 5984?
9
What is the thousands digit of 12706?
2
What is the units digit of 561?
1
What is the hundreds digit of 825?
8
What is the tens digit of 802?
0
What is the tens digit of 5895?
9
What is the tens digit of 1176?
7
What is the hundreds digit of 1385?
3
What is the tens digit of 1716?
1
What is the hundreds digit of 6454?
4
What is the tens digit of 744?
4
What is the thousands digit of 1607?
1
What is the units digit of 18060?
0
What is the thousands digit of 6249?
6
What is the thousands digit of 34248?
4
What is the tens digit of 2308?
0
What is the tens digit of 1057?
5
What is the hundreds digit of 14972?
9
What is the ten thousands digit of 31075?
3
What is the units digit of 27078?
8
What is the tens digit of 224?
2
What is the tens digit of 30906?
0
What is the tens digit of 103202?
0
What is the tens digit of 214?
1
What is the tens digit of 1940?
4
What is the hundreds digit of 58858?
8
What is the tens digit of 696?
9
What is the thousands digit of 19319?
9
What is the hundreds digit of 23078?
0
What is the hundreds digit of 3149?
1
What is the units digit of 2592?
2
What is the thousands digit of 2886?
2
What is the units digit of 24740?
0
What is the units digit of 16011?
1
What is the units digit of 1581?
1
What is the thousands digit of 18442?
8
What is the ten thousands digit of 11872?
1
What is the tens digit of 1269?
6
What is the units digit of 3413?
3
What is the tens digit of 3278?
7
What is the units digit of 1404?
4
What is the units digit of 1341?
1
What is the tens digit of 10592?
9
What is the hundreds digit of 16087?
0
What is the units digit of 3152?
2
What is the units digit of 2351?
1
What is the tens digit of 1282?
8
What is the hundreds digit of 10384?
3
What is the ten thousands digit of 20268?
2
What is the tens digit of 448?
4
What is the hundreds digit of 3772?
7
What is the hundreds digit of 978?
9
What is the tens digit of 13177?
7
What is the hundreds digit of 7592?
5
What is the tens digit of 81743?
4
What is the thousands digit of 5128?
5
What is the hundreds digit of 70384?
3
What is the thousands digit of 2498?
2
What is the ten thousands digit of 22944?
2
What is the units digit of 721?
1
What is the units digit of 2081?
1
What is the units digit of 1651?
1
What is the units digit of 7309?
9
What is the thousands digit of 35207?
5
What is the thousands digit of 14400?
4
What is the units digit of 104463?
3
What is the units digit of 30587?
7
What is the hundreds digit of 17529?
5
What is the hundreds digit of 605?
6
What is the units digit of 1275?
5
What is the hundreds digit of 934?
9
What is the tens digit of 81054?
5
What is the hundreds digit of 8315?
3
What is the units digit of 110850?
0
What is the ten thousands digit of 31173?
3
What is the units digit of 19120?
0
What is the hundreds digit of 1216?
2
What is the units digit of 1880?
0
What is the hundreds digit of 19515?
5
What is the hundreds digit of 154?
1
What is the hundreds digit of 98408?
4
What is the tens digit of 915?
1
What is the units digit of 388?
8
What is the hundreds digit of 10596?
5
What is the units digit of 45216?
6
What is the units digit of 1097?
7
What is the ten thousands digit of 83845?
8
What is the thousands digit of 18796?
8
What is the units digit of 4780?
0
What is the thousands digit of 1681?
1
What is the thousands digit of 1340?
1
What is the tens digit of 9241?
4
What is the tens digit of 8469?
6
What is the hundreds digit of 680?
6
What is the thousands digit of 24415?
4
What is the units digit of 173541?
1
What is the thousands digit of 1775?
1
What is the units digit of 35?
5
What is the hundreds digit of 1320?
3
What is the units digit of 479?
9
What is the units digit of 9061?
1
What is the tens digit of 1258?
5
What is the tens digit of 3182?
8
What is the thousands digit of 7981?
7
What is the hundreds digit of 6252?
2
What is the units digit of 79647?
7
What is the units digit of 1809?
9
What is the tens digit of 1358?
5
What is the tens digit of 17950?
5
What is the ten thousands digit of 24308?
2
What is the units digit of 680?
0
What is the hundreds digit of 8632?
6
What is the units digit of 19297?
7
What is the hundreds digit of 67162?
1
What is the tens digit of 602?
0
What is the hundreds digit of 4889?
8
What is the tens digit of 561?
6
What is the hundreds digit of 13945?
9
What is the units digit of 1160?
0
What is the tens digit of 695?
9
What is the tens digit of 126033?
3
What is the ten thousands digit of 42031?
4
What is the tens digit of 16938?
3
What is the thousands digit of 1097?
1
What is the units digit of 2988?
8
What is the thousands digit of 14006?
4
What is the hundreds digit of 4862?
8
What is the units digit of 965?
5
What is the units digit of 2411?
1
What is the hundreds digit of 26465?
4
What is the hundreds digit of 239?
2
What is the thousands digit of 64152?
4
What is the tens digit of 1255?
5
What is the tens digit of 546?
4
What is the units digit of 5313?
3
What is the hundreds digit of 2231?
2
What is the tens digit of 2175?
7
What is the thousands digit of 10395?
0
What is the thousands digit of 3924?
3
What is the units digit of 1543?
3
What is the thousands digit of 2412?
2
What is the tens digit of 304?
0
What is the thousands digit of 6242?
6
What is the tens digit of 1431?
3
What is the thousands digit of 1746?
1
What is the hundreds digit of 37066?
0
What is the tens digit of 16569?
6
What is the hundreds digit of 30662?
6
What is the thousands digit of 14668?
4
What is the hundreds digit of 102?
1
What is the thousands digit of 3219?
3
What is the tens digit of 206?
0
What is the thousands digit of 11968?
1
What is the hundreds digit of 102183?
1
What is the units digit of 640?
0
What is the hundreds digit of 645?
6
What is the ten thousands digit of 60817?
6
What is the hundreds digit of 2892?
8
What is the units digit of 651?
1
What is the tens digit of 5545?
4
What is the tens digit of 197886?
8
What is the units digit of 20168?
8
What is the thousands digit of 6655?
6
What is the units digit of 869?
9
What is the tens digit of 8926?
2
What is the tens digit of 195?
9
What is the hundreds digit of 3522?
5
What is the un